 Suppose -j = -4*o - 32. Calculate the highest common divisor of l and o.
36
Suppose 0 = -3*l - m + 160, l - 5*m = -4*l + 300. What is the highest common divisor of l and 880?
55
Let d(i) = -22*i**3 - i - 1. Let f be d(-1). Let o = -118618 + 119256. Calculate the greatest common divisor of f and o.
22
Let z = 935 - 895. Suppose u = 6*u - 300. Suppose 4*n + u = -0*s + 2*s, 0 = 2*s + n - 85. Calculate the highest common divisor of s and z.
40
Let t be (-36)/20 - 3213/(-135). Suppose 0 = -k - 2 - 3. Let v(n) = -n**3 - 2*n**2 + 5*n - 6. Let y be v(k). Calculate the highest common divisor of y and t.
22
Let j(n) = 11*n - 226. Let b be j(22). Let l be 105/(5*b/140)*4. Calculate the greatest common factor of 15 and l.
15
Let v(j) = -j**2 + 4*j + 3. Let u be v(4). Suppose -3*w = -u*g - 219, 398 = 5*w - g + 13. Let b = -61 + w. Calculate the highest common divisor of 17 and b.
17
Suppose 30955 = 33*g - 28*g. Calculate the greatest common divisor of 82 and g.
41
Let k be 40/16 - (-1263)/6. Suppose 13*j = k + 372. Calculate the greatest common factor of j and 18.
9
Let d be (-10992)/(-432) + 8/(-18). Suppose d*w - 1036 = 14. Calculate the greatest common divisor of 56 and w.
14
Let o(n) = 2*n**3 + 92*n**2 - 97*n - 332. Let q be o(-46). What is the greatest common factor of q and 140?
70
Suppose 3*p = -3*b + 3387, -5637 = -2457*b + 2452*b - 3*p. What is the greatest common factor of 36 and b?
9
Let z be (4 + (-7)/3)*(-45)/(-25). Suppose 2*s + 4*t - 48 = 0, -z*t - 89 = -2*s - 27. Calculate the highest common factor of s and 980.
28
Let x be 54 + -34 + 1 + -14. Calculate the greatest common factor of 301 and x.
7
Let m(x) be the second derivative of x**4/12 + 14*x**3/3 + 131*x**2/2 - 4*x + 15. Let r be m(-31). What is the greatest common factor of 28 and r?
28
Let r(c) = -10*c - 77. Let j = -893 - -879. Let m be r(j). Calculate the highest common divisor of m and 119.
7
Let s = -19 - -31. Let x = -1469 + 1459. Let a be x*(-2 + s/10). Calculate the greatest common factor of a and 88.
8
Let k = 219 - 217. Suppose z - 5*l + 8 = 0, -3*l + 6 = -0*l. Suppose 4*o - 6 = o, 0 = -k*d + z*o + 218. Calculate the highest common divisor of d and 74.
37
Let s = 68 - 63. Let u be -569*-3*(-3)/(-9). Suppose -3*n + 614 = s*j, 243 + u = 4*n + 5*j. Calculate the highest common factor of n and 18.
18
Suppose -2*j = -j - 2. Let x = -164 - -310. Calculate the greatest common divisor of j and x.
2
Suppose -5*i - 3*n = -136, -122*i = -124*i - n + 55. Let s(q) = 43*q**2 - 4*q + 2. Let f be s(3). Calculate the highest common divisor of f and i.
29
Let r = -2343 + 2491. Let w = -570 - -940. Calculate the highest common factor of r and w.
74
Suppose -6*b - 12 = -4*k, 5*k = -b - b + 34. Suppose 3*c + 4*s = 33, 0 = 3*c + 2*s - 8 - 19. Calculate the greatest common divisor of c and k.
1
Let x be -203 + 321 + 2*-7. Let w = 56 + -30. What is the highest common divisor of w and x?
26
Let j(z) = 14*z - 14. Let f be j(3). Let i be 975/(-12) - 2/(-8). Let d = -39 - i. What is the greatest common factor of f and d?
14
Suppose 4*x - r - 804 = 0, x - 201 = -0*r + 3*r. Suppose -831 = -7*j - x. What is the highest common factor of j and 72?
18
Let h = -178 + 180. Suppose -12*l = -h*l - 50. Let a(m) = -6*m - 8. Let i be a(-8). What is the highest common factor of i and l?
5
Let f be 1697/4 - (-1)/(-4). Suppose -3*u - 914 = -5*k - 913, 0 = 4*u + 4*k - 52. What is the greatest common divisor of u and f?
8
Let h(f) = -248 - 7*f**3 - 12*f**2 + 259 + 6*f**3. Let o be h(-12). Calculate the greatest common factor of o and 33.
11
Let l = -1642 + 1678. Let n be (-4020)/(-42) + (-2)/(-7). Calculate the highest common divisor of n and l.
12
Let q(i) = 111*i**2 - 2*i - 1. Let t be q(-1). Let y = 115 - t. Suppose 3*o = 5*r - r - 2, 0 = 4*o + y*r - 14. Calculate the greatest common factor of 22 and o.
2
Let k(y) = 16*y**2 + 42*y + 36. Let l be k(-10). Calculate the highest common divisor of 133 and l.
19
Let p(k) = k**2 + 4*k - 20. Let s be p(7). Let x(r) = 8*r + 283. Let b be x(-35). What is the greatest common divisor of b and s?
3
Let x = 49 + -41. Let c be (-2 + x/6)*252/(-14). Let v = 24 - c. Calculate the greatest common divisor of 156 and v.
12
Let w be 23/(20/4 - 4). Let d = 36 - w. Let h be 0 + (26*1)/1. What is the greatest common divisor of d and h?
13
Let f(g) = g**2 + 48*g - 151. Let j be f(3). What is the greatest common divisor of 124 and j?
2
Let g = 1736 + -690. Let v = g + -408. Calculate the greatest common divisor of 58 and v.
58
Let q = 19501 - 19424. Calculate the highest common factor of q and 1067.
11
Let s be 16/9 + ((-35)/45 - -1). Suppose k = -3*t + 1682, -t - 5*k = -s*k - 558. Calculate the greatest common divisor of 51 and t.
51
Suppose -3*k = -2*t, 0 = -4*k + 8*t - 5*t. Suppose 805 = 4*b + b - m, k = 5*m + 25. What is the highest common factor of 5 and b?
5
Let q(w) = 2*w**2 - 10*w - 10. Suppose -6*h = 3*h - 54. Let f be q(h). Let n be (-15 + -359)*(-1)/f. Calculate the greatest common factor of n and 17.
17
Let w = -62 + 27. Let c = w + 147. What is the greatest common divisor of c and 28?
28
Suppose 2*z + 1075 = p + 319, -p - 2*z = -756. Let j(l) = -140*l - 917. Let d be j(-7). What is the greatest common divisor of d and p?
63
Let a be (-5 - 891/18)/((-1)/(-138)*-3). What is the highest common divisor of a and 327?
109
Let c = -9 + 21. Let t = 42 - 484. Let z = 472 + t. What is the highest common divisor of z and c?
6
Suppose 0 = 8*o - 132 - 92. Suppose -3*n + o = -23. Suppose -23 + 193 = b. Calculate the highest common divisor of b and n.
17
Suppose 53856 = -3*g + 36*g. What is the highest common divisor of g and 12?
12
Let s(i) = 6*i**2 - 117*i + 18. Let j be s(15). Let f = 445 + j. What is the greatest common divisor of f and 116?
58
Let v = -200 + 299. Suppose -414*n = -417*n + v. Calculate the highest common divisor of 44 and n.
11
Let u = 23 - -2. Suppose -5*c - 10 + 30 = 0, 14 = 5*f + c. Suppose 2*p = f, 10*p + 196 = s + 6*p. Calculate the highest common factor of s and u.
25
Let w = 4865 + -4017. Calculate the greatest common factor of 256 and w.
16
Suppose -4*g - 90 = 2*n + g, 2*n = 3*g - 74. Let u = n + 14. Let j be (-3)/(-4) + -3 + u/(-8). What is the highest common divisor of j and 1?
1
Let t(a) = a + 12. Suppose 2*r - 12 = r. Let x be t(r). Suppose 0 = 5*s + 1 - 31. Calculate the highest common divisor of x and s.
6
Suppose -2911*m = -2881*m - 253170. Calculate the highest common divisor of m and 87.
87
Suppose -149 - 2120 - 3560 = -201*y. What is the highest common factor of y and 33?
1
Suppose 0 = 2*d + 105*q - 102*q - 289, 3*d - 3*q - 411 = 0. Calculate the highest common divisor of d and 5080.
20
Let n be ((-2)/(-8))/(-4 + 37956/9488). What is the greatest common factor of n and 1?
1
Let x be ((-33)/(-4))/(1/4). Let m(o) = -2*o + 48 + 2*o**2 - 108 + 20*o. Let z be m(-18). Calculate the highest common factor of x and z.
33
Suppose -4*w + 1097 = -5*d, 3*d + 562 = -5*w - 111. Let c(f) = -3*f**2 + f + 3. Let u be c(4). Let o = u - d. What is the highest common divisor of 20 and o?
20
Let m be 1 - (218/8)/((-2)/8). Let v(d) = m - d + 0*d**2 + d - 2*d**2. Let f be v(0). What is the greatest common factor of 10 and f?
10
Let b = -327 - -330. Suppose -b*y - 440 = -8*y. Suppose -i = 2*k - 138, 675 = 3*i + 2*i + 5*k. Calculate the highest common factor of y and i.
44
Let s be 376/36 - 10/450*20. What is the greatest common divisor of s and 365?
5
Let q(z) = -z**3 - z**2 + 16*z - 10. Let d be q(3). Suppose -b + 0 = -4, -2*b + 8 = -4*x. Let l = 1 - x. Calculate the highest common factor of d and l.
1
Suppose 19*d + 12 = 107. Let y(k) = 2*k**3 - 8*k**2 + 21*k - 12. Let c be y(d). What is the greatest common factor of c and 11?
11
Let u = 8 - -20. Let x = -13527 - -14171. Calculate the greatest common factor of u and x.
28
Let h be (-17 - -17)*(-1)/(-5). Let f be 2/7 - h - 7971/(-7). What is the highest common factor of f and 67?
67
Let d be (154/(-5))/(3/(-15)). Let w(r) = r**3 + 10*r**2 + 177*r + 1330. Let y be w(-8). What is the highest common factor of y and d?
14
Let b be (-1 - (-45)/3)/(8/(-76)*-1). What is the highest common factor of 171 and b?
19
Let i = -351 - -456. Suppose -5*o + 50 = -5*t, 2*t - 5*t = 2*o - 45. Suppose 6 = a - o. Calculate the greatest common di